. Let s(w) = w**3 + w**2 + w + 1. Let n(o) = c(o) - 4*s(o). What are the prime factors of n(-6)?
3, 11
Let j(y) = y - 1. Suppose -19 = -5*r - 4*m, -r + 2 = -3*r - 4*m. What are the prime factors of j(r)?
2, 3
Let h(j) = -2*j - 5. Suppose -5*v + 16 - 1 = 0. Suppose -v*a + 5*a = -2*y - 24, 0 = -5*y - a - 40. List the prime factors of h(y).
3
Suppose -b + 4 + 2 = 0. What are the prime factors of (22 + 0)*9/b?
3, 11
Let s(k) = -k**3 - 6*k**2 + k + 3. Let m be 36/(-8) + 3/(-2). Let i be s(m). Let p = 7 + i. What are the prime factors of p?
2
Suppose 2*m = -2*k + 8, -2 = -3*k - 4*m + 7. What are the prime factors of k?
7
Let j = -4 - -61. What are the prime factors of j?
3, 19
Let t be (-9)/(-3 - 18/(-4)). Let h be (-3)/t - 5/2. Let u(z) = 2*z**2 + 2*z. What are the prime factors of u(h)?
2
Suppose 4*i - 2*s = 36, 3*i + 3*s = -0*s + 27. Suppose 2*y - i = y. List the prime factors of y.
3
Suppose -9 = 7*k - 10*k. What are the prime factors of k?
3
Let k = 76 - 72. List the prime factors of k.
2
Let a = -102 - -152. List the prime factors of a.
2, 5
Suppose 0 = 3*u + u - 60. Suppose u = 3*t, -3*n - n - 4 = 4*t. Let m = 11 + n. List the prime factors of m.
5
What are the prime factors of 85/4 - (-12)/16?
2, 11
Let l = -32 - -80. Suppose 0 = -3*b - 5*y + 30, 2*b - y = -b + l. List the prime factors of b.
3, 5
Suppose 4*g - g = h - 7, -5*h = g + 13. Suppose -5*c + 40 = 5*b - 5, -2*c + 21 = 3*b. Let j = c - h. What are the prime factors of j?
2
Suppose b = -b + 4. Suppose -4*k = 4*m - 23 - 13, -b*m - 5*k = -33. Suppose 15 = f - m. What are the prime factors of f?
19
Suppose x - 1 = 28. Let j = x - 3. Let y = -17 + j. What are the prime factors of y?
3
What are the prime factors of 6/3 + -2 - -141?
3, 47
Let t(p) = 3*p**2 - 6*p + 7. Let n be t(5). Suppose -5 = -5*l, 0 = -4*h + 6*l - 2*l - n. Let q = 21 + h. List the prime factors of q.
3
Suppose -4*j + 38 = -26. Suppose 0*b = -4*b + j. Suppose -b*o = 3*f - 54, -o - 5*f + 18 = -4. What are the prime factors of o?
2, 3
Let r be (120/(-70))/((-1)/7). Let d = 22 - r. List the prime factors of d.
2, 5
Let v be 4/(-12) + (-2)/(-6). Let w be (0 + v)/(2 - 1). Let u = 10 - w. List the prime factors of u.
2, 5
Let f = -7 - -9. Suppose f*q - 20 = 4*u, -2*q + 8 = -2*u + 4*u. What are the prime factors of q?
2, 3
Let s(x) = -x**2 - 8*x - 3. Suppose -2 - 7 = -3*d. Let l = -4 - d. What are the prime factors of s(l)?
2
Suppose -s - l - 8 = 0, 3*s + 2*l - 3*l + 4 = 0. Let n = s - -9. Let d = 9 - n. List the prime factors of d.
3
Let i be (-1 + 3)*(-284)/8. What are the prime factors of i/(-2) + (-2)/4?
5, 7
Suppose -2*z = -53 - 13. What are the prime factors of z?
3, 11
Suppose -40 = -5*f + x, -f + 2*x + 0*x = -8. Suppose -g + f = g. Suppose 4*s - 1 + 5 = 4*z, g = 4*s - 2*z. What are the prime factors of s?
3
Let n = -8 + 13. Let k(m) = n - 5 + 3*m. What are the prime factors of k(2)?
2, 3
Let j(o) = -2*o - 5. What are the prime factors of j(-5)?
5
Suppose -5*d + 2*d = -9, -27 = -3*n + d. Let f = -7 + n. What are the prime factors of f?
3
Suppose -12*m + 1650 = -6*m. List the prime factors of m.
5, 11
Suppose 3*c - 3*h - 3 = 0, 5*c + 4*h = 3*c - 10. List the prime factors of c/2*(-5 + -5).
5
Let y = 32 + 97. What are the prime factors of y?
3, 43
Suppose -14*s = -1036 - 1316. List the prime factors of s.
2, 3, 7
Suppose 3 = -5*j - 42. Let q(g) = g**2 + 9*g + 12. What are the prime factors of q(j)?
2, 3
Let g(u) = 22*u - 1. Let x(p) = 110*p - 5. Let j(o) = 11*g(o) - 2*x(o). What are the prime factors of j(1)?
3, 7
Suppose -w + 2*f + 8 = 0, -6*w + 3*f = -3*w - 12. Suppose 2*d + 0*d - 13 = -j, w = 4*j - 5*d. Suppose 44 + 31 = j*c. What are the prime factors of c?
3, 5
Suppose 0 = g - 0*g. Suppose g*o = o - 16. Suppose -3*k + o + 8 = 0. List the prime factors of k.
2
Let i be 12/(-42) + (-16)/(-7). Suppose -3*h + 49 = -i. What are the prime factors of h?
17
Suppose -7 = 4*a - 19. Suppose -a*l - 1 - 2 = -n, 5*l + 35 = 5*n. What are the prime factors of n?
3
Let u(n) = -59*n + 2. Let a be u(-2). Suppose 0*i = 5*b - 5*i - a, 54 = 3*b + 3*i. List the prime factors of b.
3, 7
Let i(x) = 12*x**3 - 3*x**2 - 3*x + 5. What are the prime factors of i(3)?
293
Suppose 17 = -3*t + 2, t - 150 = -s. What are the prime factors of s?
5, 31
Suppose 92 = 4*f - 3*b, -5*b + 81 = 4*f - 43. List the prime factors of f.
2, 13
List the prime factors of (34 + -1)/(15/10).
2, 11
Let n = 1 - 5. Let d be n/(-10) + 24/15. Suppose -4*w = -d*m - 40, -3*w = -3*m + 6*m - 48. What are the prime factors of w?
2, 3
Let u = 20 + -34. Let o = -20 - u. List the prime factors of 2/6 + (-16)/o.
3
Let l(n) be the first derivative of 3*n**2 - 4*n - 2. List the prime factors of l(4).
2, 5
Let q(i) = -2*i + 7. Let f be q(-6). Suppose 4 + 4 = -n. Let k = n + f. What are the prime factors of k?
11
Let s(o) = -o + 5. Let k be s(0). Suppose -v + k = 0, 4*q - 46 = -v - 1. What are the prime factors of q?
2, 5
Let i(p) = -6*p - 11*p + 11*p - 15 - p**2 - 6*p. Suppose 1 - 11 = q. What are the prime factors of i(q)?
5
Let l(m) = m**2 + 2*m + 1. Let s be l(-2). Let n(w) = 12*w**2 + w - 1. What are the prime factors of n(s)?
2, 3
Suppose -z + d = -0*z + 1, 16 = 2*z + 4*d. Suppose -5*o = -z*o - 3. Let s = o + 14. What are the prime factors of s?
3, 5
Let t(v) = -v**3 + 14*v**2 + 7*v - 8. List the prime factors of t(14).
2, 3, 5
Suppose t + 13 = 4*b, 0 = 2*b - 2*t - 2*t - 24. List the prime factors of b/9 - (-124)/9.
2, 7
Suppose -2*h = 4*r - 28, 0*r - 8 = -2*r - 4*h. Let z = r + 10. Let a = z - 12. What are the prime factors of a?
2, 3
Let y(i) = 3*i**2 + 6*i. Let j be y(-7). Suppose 5*u - 4*k + 19 - j = 0, u - k - 18 = 0. Let c = -4 + u. List the prime factors of c.
2, 5
Suppose 6*c - c - 15 = 0. Let u = c - -18. List the prime factors of u.
3, 7
Suppose -8 = -3*u + 4, -5*u = 4*a - 136. List the prime factors of a.
29
Let a(c) = -5*c**3 + c**2 - 1. Let i be a(-1). Suppose 0 = -4*d + 4*m - i*m + 51, -2*d + 3*m = -15. What are the prime factors of d?
2, 3
Suppose -4*o + 36 = -120. Suppose -4*a + 96 = -4*x, 22 = 4*a + 3*x - o. What are the prime factors of a?
19
Suppose -4*u + 6 = -2*m - 64, -m - 1 = 0. What are the prime factors of u?
17
Let n = -69 - -29. Let q be -58 - (2 + (-3)/1). Let s = n - q. What are the prime factors of s?
17
Let q(k) = 4*k**2 + k + 4. Let p be q(4). Suppose 4*y - 45 - 3 = 3*m, 4*y + 3*m - p = 0. Suppose -4*t + y = t. What are the prime factors of t?
3
Let h be (-4)/((-12)/(-9)) - -88. Suppose -h = -0*p - 5*p. List the prime factors of p.
17
Let t = 233 - 118. Suppose 5*j + t = 5*r, 4*r - 112 = -r + 2*j. List the prime factors of r.
2, 11
List the prime factors of (-40)/12*(-12)/10.
2
Suppose 2 + 6 = 4*a. Suppose 4*p = -0*p - a*n + 22, 5*n - 25 = 0. What are the prime factors of p?
3
List the prime factors of 4/30 + (-298)/(-15).
2, 5
Suppose -20 = 4*x + 4. Let t = x - -10. What are the prime factors of t?
2
Let r(g) = -9*g. What are the prime factors of r(-2)?
2, 3
Suppose s - 4*s - 2*u + 43 = 0, 0 = 5*s - 3*u - 59. Let o = 18 - s. List the prime factors of o.
5
Let k be 314/(-10) + 8/20. Let o = 50 + k. What are the prime factors of o?
19
Suppose -16 - 4 = -5*q, 5*g - 142 = 2*q. List the prime factors of g.
2, 3, 5
Let r(o) = -o**2 + 181. Let d be r(0). Suppose -5*h + d = 2*s, s - 5*h = -s + 131. Suppose s = 4*x + 6. What are the prime factors of x?
2, 3
Suppose -r + 5 = 5*k - 3*r, 0 = -k - 4*r + 1. Suppose -19 = -5*z + 4*a, 0 = -3*z + 6*z - 5*a - k. What are the prime factors of z?
7
Suppose -4*w + 0*w + 84 = 2*y, y = 4*w + 30. List the prime factors of y.
2, 19
Let d be 10*((-3)/(-6) + 0). Suppose q + 12 = 5*q - i, -d*q - i + 15 = 0. Suppose 0 = q*j + 1 - 16, -4*p - 4*j = -40. What are the prime factors of p?
5
Suppose 3*h + 30 - 39 = 0. List the prime factors of h.
3
Suppose -o = -4*o - 4*p + 100, -p = -4. List the prime factors of o.
2, 7
Let w be (-67)/(-5) + (-10)/25. Let m = -6 + w. List the prime factors of m.
7
Let q(g) = -g**3 - 4*g**2 + g - 6. What are the prime factors of q(-8)?
2, 11
Suppose 2*m - m = 16. Suppose 5*s - s - m = 0. Suppose -27 = s*d - 7*d. List the prime factors of d.
3
Let h be (-6)/(-9) - 88/6. Let t = h + 28. What are the prime factors of t?
2, 7
List the prime factors of (114/(-2))/(12/(-8)).
2, 19
Suppose 3*v - 24 = -v.